vided by 41.
1
What is the remainder when 16944407 is divided by 17?
14
Calculate the remainder when 125360 is divided by 5833.
2867
What is the remainder when 222677428 is divided by 10?
8
What is the remainder when 1148982 is divided by 6837?
366
Calculate the remainder when 511796 is divided by 524.
372
What is the remainder when 382739 is divided by 2483?
357
Calculate the remainder when 62969 is divided by 20485.
1514
What is the remainder when 28359 is divided by 646?
581
What is the remainder when 15033412 is divided by 7516699?
14
What is the remainder when 31592576 is divided by 15796287?
2
Calculate the remainder when 81292 is divided by 2197.
3
What is the remainder when 8116755 is divided by 960?
915
Calculate the remainder when 114070 is divided by 114037.
33
What is the remainder when 1580810 is divided by 3756?
3290
Calculate the remainder when 25396990 is divided by 1314.
1312
Calculate the remainder when 4960182 is divided by 1088.
1078
Calculate the remainder when 23356 is divided by 1461.
1441
Calculate the remainder when 7206 is divided by 253.
122
What is the remainder when 120556582 is divided by 50?
32
What is the remainder when 9469232 is divided by 41?
36
Calculate the remainder when 95751 is divided by 9712.
8343
Calculate the remainder when 41046817 is divided by 41046800.
17
Calculate the remainder when 1994351 is divided by 556.
535
Calculate the remainder when 2669 is divided by 959.
751
What is the remainder when 5511561 is divided by 1377726?
657
Calculate the remainder when 1858343 is divided by 3533.
3518
Calculate the remainder when 841399 is divided by 483.
13
Calculate the remainder when 3078851 is divided by 226.
53
Calculate the remainder when 78299 is divided by 26032.
203
What is the remainder when 80813266 is divided by 20796?
10
Calculate the remainder when 394357 is divided by 394295.
62
What is the remainder when 1660482 is divided by 82?
64
What is the remainder when 1706175 is divided by 2193?
21
Calculate the remainder when 100312 is divided by 25053.
100
Calculate the remainder when 1874397 is divided by 133661.
3143
Calculate the remainder when 122460 is divided by 716.
24
What is the remainder when 28979228 is divided by 2619?
2612
Calculate the remainder when 347462 is divided by 173711.
40
What is the remainder when 16486 is divided by 3290?
36
What is the remainder when 8630264 is divided by 221?
214
Calculate the remainder when 1611124 is divided by 1611106.
18
What is the remainder when 148492 is divided by 49416?
244
What is the remainder when 57920 is divided by 283?
188
Calculate the remainder when 2027427 is divided by 671.
336
What is the remainder when 201914 is divided by 904?
322
Calculate the remainder when 73020797 is divided by 16.
13
What is the remainder when 3578 is divided by 771?
494
Calculate the remainder when 100061 is divided by 2688.
605
What is the remainder when 93378133 is divided by 5857?
5839
Calculate the remainder when 10381875 is divided by 46.
43
Calculate the remainder when 47201116 is divided by 6819.
6817
What is the remainder when 3724579 is divided by 19?
9
Calculate the remainder when 9038517 is divided by 1647.
1428
What is the remainder when 150543 is divided by 148590?
1953
Calculate the remainder when 9226521 is divided by 35.
31
Calculate the remainder when 2279536 is divided by 153.
142
Calculate the remainder when 112246 is divided by 112238.
8
What is the remainder when 11372232 is divided by 1752?
0
Calculate the remainder when 52101272 is divided by 37.
18
What is the remainder when 60232348 is divided by 12956?
12860
Calculate the remainder when 15041467 is divided by 48.
43
Calculate the remainder when 4633022 is divided by 81281.
5
What is the remainder when 23353810 is divided by 325?
285
Calculate the remainder when 6499326 is divided by 2166439.
9
Calculate the remainder when 543310 is divided by 28547.
917
Calculate the remainder when 5265551 is divided by 40195.
6
What is the remainder when 25206669 is divided by 101?
99
Calculate the remainder when 2742402 is divided by 74.
36
Calculate the remainder when 119102303 is divided by 696.
695
What is the remainder when 71354 is divided by 17627?
846
Calculate the remainder when 20709606 is divided by 600.
6
Calculate the remainder when 1350910 is divided by 1569.
1
What is the remainder when 3207319 is divided by 356148?
1987
Calculate the remainder when 1767809 is divided by 1252.
1237
Calculate the remainder when 22942665 is divided by 42.
39
Calculate the remainder when 381449 is divided by 27243.
47
What is the remainder when 48896 is divided by 5968?
1152
What is the remainder when 1813671 is divided by 15370?
11
What is the remainder when 1652320 is divided by 507?
7
What is the remainder when 5525801 is divided by 31941?
8
What is the remainder when 9591566 is divided by 349?
348
What is the remainder when 2363135 is divided by 9124?
19
Calculate the remainder when 357483 is divided by 39599.
1092
What is the remainder when 10409500 is divided by 845?
790
Calculate the remainder when 13026 is divided by 13024.
2
Calculate the remainder when 12121374 is divided by 6060627.
120
Calculate the remainder when 2624097 is divided by 625.
347
Calculate the remainder when 1269693 is divided by 34.
31
Calculate the remainder when 1421149 is divided by 355202.
341
What is the remainder when 150965128 is divided by 72?
64
Calculate the remainder when 1023311 is divided by 23794.
169
What is the remainder when 63334749 is divided by 32?
29
What is the remainder when 314196 is divided by 8727?
24
Calculate the remainder when 2165749 is divided by 51.
34
What is the remainder when 198606 is divided by 66032?
510
Calculate the remainder when 11052598 is divided by 486.
472
What is the remainder when 3040766 is divided by 797?
211
Calculate the remainder when 1718601 is divided by 16849.
3
What is the remainder when 34925 is divided by 1214?
933
Calculate the remainder when 10576815 is divided by 256.
175
Calculate the remainder when 1616972 is divided by 674.
46
Calculate the remainder when 30358360 is divided by 11808.
11800
Calculate the remainder when 120671974 is divided by 543.
541
What is the remainder when 1384164 is divided by 21627?
36
What is the remainder when 3027053 is divided by 28290?
23
Calculate the remainder when 1213488 is divided by 285.
243
What is the remainder when 217625 is divided by 15?
5
Calculate the remainder when 363374 is divided by 13233.
6083
Calculate the remainder when 261386 is divided by 16279.
922
What is the remainder when 208349 is divided by 102328?
3693
Calculate the remainder when 629008 is divided by 305.
98
What is the remainder when 523210 is divided by 2127?
2095
Calculate the remainder when 2085524 is divided by 569.
139
What is the remainder when 48987338 is divided by 9?
5
What is the remainder when 3558593 is divided by 1779263?
67
Calculate the remainder when 1800813 is divided by 187.
3
Calculate the remainder when 49398 is divided by 1398.
468
Calculate the remainder when 781719 is divided by 35.
29
Calculate the remainder when 10021 is divided by 1627.
259
What is the remainder when 174612 is divided by 1543?
253
What is the remainder when 2205305 is divided by 200449?
366
What is the remainder when 50729 is divided by 3272?
1649
Calculate the remainder when 4023830 is divided by 2011891.
48
What is the remainder when 25878810 is divided by 1125165?
15
What is the remainder when 3359925 is divided by 155?
145
What is the remainder when 542719974 is divided by 1964?
1962
Calculate the remainder when 178198 is divided by 89091.
16
Calculate the remainder when 4785436 is divided by 926.
794
Calculate the remainder when 91719044 is divided by 109.
13
Calculate the remainder when 2373475 is divided by 5286.
61
Calculate the remainder when 811073 is divided by 162207.
38
What is the remainder when 498626 is divided by 11588?
342
Calculate the remainder when 3844163 is divided by 8214.
11
What is the remainder when 4198404 is divided by 556?
48
What is the remainder when 3035454 is divided by 367?
364
What is the remainder when 36448365 is divided by 249?
243
Calculate the remainder when 92777194 is divided by 7591.
7583
What is the remainder whe